)/(-25). Calculate n(d).
9
Let g(x) be the second derivative of -9*x + 0 + 1/20*x**5 - 1/360*x**6 + 0*x**2 - 1/4*x**4 - 7/3*x**3. Let j(z) be the second derivative of g(z). Give j(5).
-1
Let h = 8 - 2. Let r(z) = z**2 + 0 + h + 2*z - 1. Suppose 157*k + 230 + 72 = -326. What is r(k)?
13
Let i(m) = 13 + 2 - 79*m + 69*m - 2. What is i(5)?
-37
Let m(w) = 2*w - 50 + 156 - 113 - 52. Determine m(25).
-9
Let i(g) = -g**3 - 6*g**2 + 2*g + 7. Suppose -730 + 620 = 22*u. What is i(u)?
-28
Let w(q) = 44*q - 405. Suppose 550 = 11*m + 451. What is w(m)?
-9
Let m be (5/3)/((-85)/15 - -6). Suppose 0 = -4*b + 16, 0 = m*x - x + b - 4. Suppose x*i = -3*i. Let j(h) = h**2 + 1. Calculate j(i).
1
Let q(n) be the first derivative of -n**5/20 - n**4/4 - n**3/6 - n**2 + 163*n - 46. Let d(j) be the first derivative of q(j). Give d(-3).
1
Let f = -74 + 103. Let y = 29 - f. Suppose y = r + 8*r. Let m(p) = p**2 + p - 6. Calculate m(r).
-6
Let y(p) be the second derivative of -30*p + 0 - 4/3*p**3 + 3/2*p**2 - 1/6*p**4. What is y(-7)?
-39
Let g(z) = 680*z + 212 - 429 - 690*z + 291. Calculate g(8).
-6
Suppose 2*r + 2*l - 68 = 0, -120*r - 3*l + 143 = -116*r. Let s(p) = -p**3 + 41*p**2 - p + 38. Determine s(r).
-3
Let u(m) = m**3 + m + 2. Let v(a) = 53*a**2 - 3*a - 4. Let j be v(-1). Suppose -55*f = -j*f. Calculate u(f).
2
Suppose -38*f - 1773 = -245*f - 531. Let u(a) = -14*a + 77. Calculate u(f).
-7
Suppose 14*f - 10*f = -5*l - 1387, 1391 = -5*l - 2*f. Let h = 273 + l. Let s(x) = -x**2 - 5*x - 8. Give s(h).
-14
Suppose -48 = -4*z + u, 43*u = 3*z + 47*u - 17. Let p(q) = -q**3 + 9*q**2 + 23*q - 4. Give p(z).
7
Let c(s) be the first derivative of 18*s - 10*s**2 - 3 + 1/3*s**3. Let o be c(19). Let m(h) = -8*h**3 - 2*h - 1. Give m(o).
9
Let w be (4/4)/((-2)/16). Let g = 16 + w. Let n(x) be the third derivative of x**4/24 - x**3/6 + 33*x**2. Calculate n(g).
7
Suppose 4*y - 5*i - 35 = 0, 4*y - 19*i = -22*i + 75. Let q(x) = -2*x**2 + 31*x. Determine q(y).
15
Let t(b) = 4*b**2 + 3*b. Suppose 85*s = 71*s + 42. Suppose 6 = 2*p - 2. Let y(h) = -5*h**2 - 3*h + 1. Let i(f) = p*t(f) + s*y(f). Determine i(-3).
3
Suppose 14*t = 23*t. Suppose 18*f - 15*f - 30 = t. Let d(c) = 1. Let n(x) = x. Let g(p) = -6*d(p) + n(p). Determine g(f).
4
Let n(k) = -7*k - 233. Let z(d) = 3*d + 102. Let w(m) = -6*n(m) - 13*z(m). Calculate w(-24).
0
Let j(g) = g**3 - 9*g**2 + 16*g - 11. Let c be j(7). Let o(p) = -20*p**3 - 1 - 1 + 7*p**3 + 9*p + 7*p**2 + 12*p**c. Give o(8).
6
Let l(p) = p**3 - 6*p**2 + p + 23. Let o(h) = -3*h**2 - 81*h + 179. Let z be o(2). Determine l(z).
3
Let y = 2557 - 2539. Let s(k) be the first derivative of 3/2*k**2 + 6*k + y. Calculate s(-6).
-12
Let f(l) = -3*l**2 - l + 6. Suppose -4*x = -3*n + 1, -8*n + 46 = -5*n + 5*x. Let q(b) = -11*b**2 - b + 18. Let y(w) = n*f(w) - 2*q(w). Calculate y(6).
12
Let i(g) = 5*g + 6. Suppose -m + 7 = -4*q, m + 3*q = 6*m - 69. Let d = m - -8. Suppose -17*u + 24 = -d*u. Calculate i(u).
-14
Let u = -7 + 36. Let f = -21 + u. Suppose c = -f + 4. Let n(r) = -r**3 - 5*r**2 - 4*r - 5. Determine n(c).
-5
Suppose -283 = -5*h + 2*u, -5*u = -5*h + 7*h - 119. Suppose -39 = 12*i + h. Let q(p) = p**2 + 8*p - 9. Calculate q(i).
-9
Suppose 37 = 2*f + 5*s, -3*f + 724*s - 723*s + 30 = 0. Let i(h) = 2*h**2 - 23*h - 16. Give i(f).
-27
Let r(x) = -59*x + 241. Let a be (13/(-20) - (-13)/(-65)*-2)*-16. Give r(a).
5
Let h = -401 + 402. Let b(z) = -z**2 + 12*z - 16*z + h + 13. Calculate b(-6).
2
Let k(x) be the first derivative of x**4/4 + 7*x**3/3 - 5*x**2/2 - 4*x + 8. Let z(q) = -q**3 + 11*q**2 - 20*q - 57. Let h be z(5). Give k(h).
31
Suppose 4*i + 29 = -3*a, 5*a + 18 = -4*i - 17. Let x(p) be the first derivative of -2/3*p**3 + 4*p - 168 - 3/2*p**2. Determine x(a).
-5
Let c(l) = -272 + 222 + l**2 + 180 + 34*l. Calculate c(-28).
-38
Let a = 932477 + -932471. Let o(x) = x**2 - 2. Let m(h) = 1 + 3 - 3 + h. Let d(n) = 3*m(n) - o(n). Calculate d(a).
-13
Let k(b) = 38*b + 76. Let u be k(-2). Suppose -42 = -4*p - u*t + 2*t, 0 = 2*p + 3*t - 9. Let d(l) = l**2 - 8*l - 5. Give d(p).
4
Suppose -5*f + q + 38 = 0, 30 = -3*f + 73*q - 68*q. Let n(s) be the first derivative of -s**2/2 + 12*s + 2. What is n(f)?
2
Let s(t) = -2*t - 2 - 5 - 1. Let b(x) = 2*x**2 + 33*x + 22. Let r(n) = -3*n**2 - 48*n - 33. Let l(h) = -7*b(h) - 5*r(h). Let c be l(-3). Calculate s(c).
6
Suppose -21 = -4*r - 9. Suppose r = 3*c - 0, 0 = 4*m + 2*c - 14. Let x(w) = 0*w + m + w - 5 - 3*w - 2*w**2. Determine x(-2).
-6
Let u(z) = -3*z - 4. Let b be u(-3). Let a(o) = -7*o**2 + 12*o - 1475. Let p(l) = 10*l**2 - 18*l + 2065. Let c(h) = -7*a(h) - 5*p(h). Give c(b).
5
Let z(d) = 3*d - 10. Let h = 55 - 16. Suppose 5*n = 9*n + 16, 5*o - h = n. Give z(o).
11
Suppose -5*i = -3*z + 28 + 10, 32 = -2*i - 3*z. Let d(q) = -2*q**2 - 22*q - 5. Determine d(i).
15
Let s(l) be the third derivative of -l**6/120 - l**5/10 + l**4/3 - l**3/6 + 5835*l**2 - 2. Determine s(-7).
-8
Let l = 113087 + -113081. Let t(w) be the first derivative of w**3/3 - 11*w**2/2 + 6*w - 1. Determine t(l).
-24
Suppose 368*p - 372*p - 20 = 0. Let z = 4 - -2. Let x(s) = s**2 - s - 3 - 2 + z*s. What is x(p)?
-5
Let s(j) = -j**2 + 6*j + 8. Let v be 12 + (-6 - 18/(-6)). Let o(y) = y**2 - 8*y. Let n be o(v). Calculate s(n).
-19
Let u = 115 + -91. Let m = 26 - u. Let x(p) = 4*p - 3. Give x(m).
5
Let p(x) = 16*x - 5. Let n(o) = 16*o - 195. Let m be n(12). Calculate p(m).
-53
Let b(o) = 35 - 54 + 10 - o + 5*o**2 + 10. Calculate b(3).
43
Let h = -327 + 323. Let b(s) = -s**3 + s**2 - 4*s + 9. Let v(a) = -a**3 - 4*a + 8. Let d(r) = -4*b(r) + 5*v(r). Give d(h).
20
Suppose 5*j - 10 = 5*o, -3*j + 6*j = 6. Let k(f) = f - 2*f + o - 12. Suppose -2*z + 18 = l, 5*z + 2148 - 2193 = -4*l. Determine k(l).
-12
Let l(y) = y**2 - 11*y + 4. Let m(v) = -5*v**2 - 5*v - 2. Let j be m(-1). Let d be (-798)/(-12) - 1/j. Let x = d - 57. What is l(x)?
-6
Suppose 10*i + 4 - 6 = -2. Let a(c) be the second derivative of -1/2*c**2 - 19*c + i + 1/12*c**4 - 1/2*c**3. What is a(4)?
3
Let l(m) be the second derivative of -m**6/15 + m**5/30 - m**3/6 + 129*m**2/2 - 6*m - 7. Let n(w) be the first derivative of l(w). Calculate n(1).
-7
Let b(c) = 4*c. Let p be (14/35)/((-1)/(-10)). Suppose 0 = m - 4*z - 5, -z - p + 2 = -m. Suppose m - 4 = s. Determine b(s).
-12
Suppose -2*x = -3*w + 13 + 8, -5*w = -3*x - 36. Let b(q) = -3*q + 8*q - w - 3*q. Calculate b(6).
3
Let h(p) = -14 - 99*p + 88*p + p**3 + 3 + 8*p**2. Let y be h(-9). Let b(f) be the second derivative of -f**4/12 + 3*f**3/2 - f**2 + 249*f. What is b(y)?
12
Let l(s) = -5*s**2 - 2*s + 1. Let z(t) = 28*t**2 + 14*t - 1. Let r(p) = -11*l(p) - 2*z(p). Give r(-3).
0
Let q(d) be the second derivative of -156*d + 1/20*d**5 - 2/3*d**3 - 7/2*d**2 + 5/12*d**4 + 0. Give q(-6).
-19
Let y = -174 - -405. Suppose y = 10*a + a. Let u be a/7 - (4 - 3). Let i(h) = -h**2 - 2*h + 2. Give i(u).
-6
Let r(u) = u**3 - 4*u**2 - 3. Let m(p) = -p**3 + 15*p**2 - 49*p + 57. Let v be m(11). Calculate r(v).
-11
Let x(q) be the second derivative of q**4/6 + 19*q**3/6 + 35*q**2/2 + 2*q - 51. Calculate x(-6).
-7
Let t(o) = -o**2 + o - 9. Let x(j) = -j**2 - 8. Let h(k) = -4*t(k) + 5*x(k). Let c = 160 - 193. Let f be (-69)/15 + c/(-55). What is h(f)?
-4
Suppose -2*m - 12 = 3*a, 5*m - 4*a - 16 = m. Let r(c) be the second derivative of c**4/12 - c**3/6 - 3*c**2 + 10629*c. Give r(m).
-6
Suppose -60 = -648*a + 652*a. Let f(x) = -2*x**2 - 29*x + 3. What is f(a)?
-12
Let z(x) = x**2 + 286*x - 1452. Let m be z(5). Let h(o) be the second derivative of 7/2*o**2 + 27*o - 2/3*o**m + 0 + 1/12*o**4. What is h(6)?
19
Let r be (11 - 320/30)/(-1 + 2)*6. Suppose -b - b + 2454 = 0. Let p(z) = -1233 + b + 7*z + 3*z + z**r. Calculate p(-8).
-22
Let u(o) be the third derivative of -o**4/24 + o**3 - 2*o**2. Let d = -19278 - -19285. Calculate u(d).
-1
Let c(g) be the third derivative of g**4/24 + 16*g**3/3 - 3*g**2 + 198*g. Give c(16).
48
Let p(r) = r. Let g be (-4)/(-9 + 5) + 2 + 1. Suppose -5*a + 6*a - 6 = -2*f, -20 = -g*f. What is p(a)?
-4
Let f(q) = -5 - 3*q**2 + 4*q**2 - 5*q - 2*q**2 + 0*q**2. Let o be 221/(-17) - -13 - 4*1. Determine f(o).
-1
Let q(k) = k. Let h be q(0). Suppose 0 = z + 2*t + 1, 0 = -3*z + t - h - 24. Let r(f) = f**3 + 8*f**2 + 8*f + 6. Give r(z).
-1
Let p(v) be the first derivative of -4*v**3